 3*s + 2*s - u*c = 568. Let r = s + -62. What is the remainder when r is divided by 26?
24
Let j(u) be the first derivative of 3*u**3 + 3*u**2/2 - 13*u - 20. Calculate the remainder when j(3) is divided by 8.
5
Let g(b) = 17*b**2 - 14*b**2 + 8 - b**3 - 13*b + 7*b**2 + 0*b**3. What is the remainder when g(5) is divided by 12?
8
Suppose -2*n - 54 = -4*w + 94, 0 = -3*w - 5*n + 137. Let x be ((-16)/12)/(2/6). What is the remainder when w is divided by (1 + x)*20/(-3)?
19
What is the remainder when 109 is divided by (-1 + 0)*(-1 - 113)/3?
33
Let w = 12 + 14. Suppose -7*s = -w - 30. Suppose 4*y - 78 - 14 = 0. What is the remainder when y is divided by s?
7
Let q = -49 + 72. Suppose 2*t - 128 = -4*a, -66*t - 5*a - 269 = -70*t. Calculate the remainder when t is divided by q.
20
Let k = 323 + -306. Let s = 37 + 7. Calculate the remainder when s is divided by k.
10
Suppose -9 = 6*f - 9*f. Suppose -2*p - 93 = -f*p. Calculate the remainder when p is divided by 19.
17
Let s(y) = 20*y**3 + y**2 - 3*y + 2. Let x be (-1)/3*(-2 + -1). Let o = -77 + 115. Calculate the remainder when o is divided by s(x).
18
Let y(l) = 69*l - 1. Let g(v) = 17*v. Let b(c) = 9*g(c) - 2*y(c). Let h be b(4). What is the remainder when h - (-1 - 2)/1 is divided by 17?
14
Let j(q) = -3*q**3 - 4*q**2 - q - 3. Suppose 0 = -z + 11 - 14. What is the remainder when j(z) is divided by 12?
9
Let y(x) = 3*x + 1. Let u be y(13). Suppose -o = -6*o + u. Let v = o - -42. Calculate the remainder when v is divided by 13.
11
Let p(y) = y**2 + y - 15. What is the remainder when 243 is divided by p(7)?
38
Let d(z) = -z**3 + 3*z**2 - 1. Let c be d(3). What is the remainder when (0 - -1) + 53 + c is divided by 12/(-30)*-20 - -6?
11
Let s(f) = 3*f**2 + 3*f - 4. What is the remainder when s(3) is divided by 29?
3
Let u(x) = -x**3 + x**2 + 6*x + 1. Let n be u(-2). Let o = n - -1. Calculate the remainder when 6 is divided by o.
0
Calculate the remainder when 196 is divided by ((-48)/32)/(-1*2/68).
43
Let a = -35 - -61. Calculate the remainder when 129/(-86)*154/(-3) is divided by a.
25
Calculate the remainder when (-2)/31 - 89880/(-651) is divided by 7.
5
Suppose 3 - 11 = -2*m + q, 0 = -4*m - 5*q - 12. Suppose -20*h + 18*h = -12. What is the remainder when h is divided by m?
0
Let g(v) = 12*v - 28. Calculate the remainder when 38 is divided by g(5).
6
Let t(b) = -b**2 + 10*b - 5. Let q be t(5). Let z = 102 - 63. Let y = z - q. What is the remainder when y is divided by 10?
9
Let i(y) = -31*y - 298. Let j(q) = 21*q**3 - 1. What is the remainder when j(1) is divided by i(-10)?
8
Let q be 2 + -3 + 6*4. Suppose -4*j + 2*g = -84, -4*j - g + 119 - q = 0. Let z = 26 + -21. Calculate the remainder when j is divided by z.
3
Suppose 5 = -3*k + 5*g + 13, -2*k + 3*g = -5. What is the remainder when 23 is divided by (3 - (-4 - -3))*k?
3
Let d be (-24)/(-64) + 74/16. Suppose 79 = d*n + 24. What is the remainder when 53 is divided by n?
9
Let i(n) = -n + 31. Let q(p) = p + 1. Let u(a) = i(a) - 2*q(a). Calculate the remainder when u(-7) is divided by 29.
21
Let b = -575 + 582. Let k(h) = h**3 + 8*h**2 + 9*h + 8. What is the remainder when k(-6) is divided by b?
5
Suppose 4*q = 3*u + 8, -q + 2 = -0*q - 4*u. Suppose 6 = 2*j + q. Calculate the remainder when 12 is divided by j.
0
Suppose 147 = -2*d + 39. What is the remainder when 4 is divided by (-4)/d*3 - (-96)/54?
0
Suppose -2028*u = -2031*u + 9. What is the remainder when 13 is divided by u?
1
Suppose 0 = -33*p + 17*p + 3168. Calculate the remainder when p is divided by 10.
8
Let m(j) = 0 + 5*j + 0 - 4. Suppose -5*v + 4*w = -45, -21*v + 18*v = -4*w - 35. What is the remainder when 38 is divided by m(v)?
17
Suppose -5*y = 26 + 79. Let x = 43 + y. Calculate the remainder when 43 is divided by x.
21
Calculate the remainder when 6/1*(-18 - -78) is divided by 119.
3
Let g(u) = -8*u + 10 + 4*u**3 - 5*u**3 + 8*u**2 + 0*u**3. Let k be (-6)/(-8) - (-2)/((-56)/(-147)). Calculate the remainder when g(k) is divided by 9.
7
Let r(o) = -12*o + 222. What is the remainder when 196 is divided by r(13)?
64
Suppose -6*o + 11*o + 3*x - 75 = 0, -2*o = 2*x - 30. What is the remainder when o is divided by 3/(-18) - 49/(-6)?
7
Let o = 209 - 171. Let l(b) = 2*b**3 - b**2 - 2*b + 1. Let s be l(-2). Let k = s - -29. What is the remainder when o is divided by k?
10
Suppose -5*c + 1 = -69. Let j(m) = m**2 + 4*m + 4. Let r(n) = -2*n**2 + 5*n + 8. Let f be r(4). Calculate the remainder when c is divided by j(f).
2
Suppose 169 + 11 = 2*o. What is the remainder when o is divided by -6 + (42 - 40)*26/4?
6
Let n be 6/45 - (-129)/45. Suppose -4*x = -2*l - 108, -2*x + 3*x - n*l = 17. Suppose 0 = c - 8. What is the remainder when x is divided by c?
5
Let f = -22 + 27. Let d(k) = -k**2 + 4*k - 5. Let h be d(4). Calculate the remainder when f is divided by (-6)/2*h/5.
2
Let m be (3/4 + 1)*-4. Let j = -139 + m. Let x = 208 + j. Calculate the remainder when x is divided by 16.
14
Let h = 1591 + -1576. What is the remainder when 701 is divided by h?
11
Let s be (-3 - -2)/((-5)/35). Suppose h - 66 = -4*x - s, 40 = 3*x + 5*h. Suppose 3*f = -1 + 19. What is the remainder when x is divided by f?
3
Suppose -40*t + 1344 = 77*t - 21*t. Suppose 0 = -3*l + 4*j + 102, l - 47 = -3*j - 0*j. What is the remainder when l is divided by t?
10
Let i(k) = k**2 + 129*k - 770. Let g(s) = s**3 - 6*s**2 + 3*s + 3. What is the remainder when i(6) is divided by g(6)?
19
Let x = 243 + 500. What is the remainder when x is divided by 6?
5
Let u(v) = 8*v**2 + 3*v - 3. Suppose -3*l = 3*a - 6, 3*a + 2*l = -0*l + 7. Calculate the remainder when u(a) is divided by 27.
24
Let t(y) = y**3 + 11*y**2 - 9*y - 23. Suppose 3*n + 2 = -31. Calculate the remainder when t(n) is divided by 13.
11
Let d(p) = 6*p**2 + 25*p + 30. Let x(z) = z**2 + z + 1. Let m(h) = -d(h) + 5*x(h). Suppose 3*a = 13 + 44. Calculate the remainder when m(-9) is divided by a.
17
Let x(a) = -26*a**2. Let p be x(-1). Let o = p - -39. What is the remainder when 4*(525/(-6))/(-7) is divided by o?
11
Suppose -5*t + 26 = d, -5*t + 128 = -d + 134. Calculate the remainder when (59/(-2))/(3/(-6)) is divided by d.
11
Let v(b) = b**3 + b**2 - 2*b + 3. Let s(i) = -i - 5. Let f be s(-7). Let n be v(f). Let w = 23 - n. What is the remainder when 22 is divided by w?
10
Let o(p) = 3*p - 4. Let s = 16 - 11. Let l = 10 - 4. What is the remainder when o(s) is divided by l?
5
Let d be (4/(-10))/((-2)/(-170)). Let i = 40 + d. Calculate the remainder when 16 is divided by i.
4
Suppose -l - 5*t + 30 = 0, -l + 3*t = -2*t + 20. Suppose l*r - 7 = 38. Let m(f) = 51*f - 48. Calculate the remainder when r is divided by m(1).
0
Let k(x) = -49*x + 133. What is the remainder when k(-2) is divided by 39?
36
Suppose 2573 = 12*p - 1243. What is the remainder when p is divided by 29?
28
Suppose -2*x = a - 9, 4*a - 19 = 4*x + 5. What is the remainder when 94 is divided by a + 13 - 1/1?
18
Suppose -5*w + 0*u - 5*u - 45 = 0, 4*w = -3*u - 39. Let s(c) = -c**3 - 12*c**2 - 2*c + 5. What is the remainder when s(w) is divided by 20?
9
Let y(h) = 7*h + 25*h - 9 - 14*h. Calculate the remainder when y(3) is divided by 17.
11
Let h(p) = -6*p**2 + 1 + 7*p**2 + 4*p + 4*p**2. Let j be h(-4). Let q = -37 + j. Calculate the remainder when q is divided by 5.
3
Let r = 108 + -104. Calculate the remainder when 18 is divided by r.
2
Let d(s) = -2*s - 2*s + 5*s + 46 - 27. Let l be d(-7). Let a = l - 0. Calculate the remainder when 42 is divided by a.
6
Suppose -3*d = -v + 50, 0 = 5*v - 8*d + 12*d - 193. Calculate the remainder when v is divided by (22/(-8))/((-1)/4).
8
Suppose -2*t - 75 = -i, -12*t + 7*t = -2*i + 154. Calculate the remainder when 1203 is divided by i.
64
Suppose 3*v - 73 + 28 = 0. Let d(z) = 2*z**3 - 9*z**2 + 6*z - 11. Let u be d(4). Calculate the remainder when (v/u - -4)*-31 is divided by 16.
15
Let x(y) = y**3 + y**2 + 9. Let w(k) = 14*k + 2. Let m be w(2). Suppose -4 = -i + m. Calculate the remainder when i is divided by x(0).
7
Suppose -12*v + 4536 = 15*v. What is the remainder when v is divided by 20?
8
Let s(g) = -g**2. Let h(k) = -5*k**2 + 20*k - 32. Let a(l) = -h(l) + 6*s(l). What is the remainder when 53 is divided by a(-21)?
9
Suppose 14*h - 379 = -71. Calculate the remainder when 42 is divided by h.
20
Wh